 hundreds digit of 17912?
9
What is the thousands digit of 1844?
1
What is the hundreds digit of 200?
2
What is the tens digit of 144406?
0
What is the ten thousands digit of 22045?
2
What is the units digit of 6971?
1
What is the units digit of 176624?
4
What is the thousands digit of 28442?
8
What is the ten thousands digit of 11981?
1
What is the tens digit of 90405?
0
What is the hundreds digit of 32399?
3
What is the tens digit of 674?
7
What is the ten thousands digit of 13295?
1
What is the units digit of 179?
9
What is the tens digit of 9718?
1
What is the tens digit of 59869?
6
What is the units digit of 3222?
2
What is the thousands digit of 1870?
1
What is the tens digit of 7360?
6
What is the units digit of 1736?
6
What is the units digit of 14519?
9
What is the tens digit of 3724?
2
What is the units digit of 3979?
9
What is the hundreds digit of 153?
1
What is the hundreds digit of 17551?
5
What is the tens digit of 1962?
6
What is the tens digit of 2013?
1
What is the units digit of 1398?
8
What is the thousands digit of 16538?
6
What is the ten thousands digit of 24369?
2
What is the thousands digit of 3119?
3
What is the units digit of 1303?
3
What is the units digit of 749?
9
What is the units digit of 3182?
2
What is the hundreds digit of 847?
8
What is the units digit of 676?
6
What is the thousands digit of 78092?
8
What is the thousands digit of 1255?
1
What is the hundreds digit of 1156?
1
What is the units digit of 968?
8
What is the hundreds digit of 17028?
0
What is the units digit of 1828?
8
What is the thousands digit of 1959?
1
What is the tens digit of 34768?
6
What is the thousands digit of 43832?
3
What is the tens digit of 662?
6
What is the thousands digit of 15790?
5
What is the thousands digit of 7538?
7
What is the thousands digit of 1990?
1
What is the units digit of 4321?
1
What is the ten thousands digit of 30906?
3
What is the thousands digit of 41959?
1
What is the tens digit of 1101?
0
What is the units digit of 22508?
8
What is the units digit of 6276?
6
What is the thousands digit of 1667?
1
What is the units digit of 584?
4
What is the tens digit of 213?
1
What is the tens digit of 31245?
4
What is the hundreds digit of 2129?
1
What is the units digit of 202?
2
What is the units digit of 930?
0
What is the tens digit of 6993?
9
What is the units digit of 11?
1
What is the units digit of 50480?
0
What is the tens digit of 20093?
9
What is the tens digit of 2325?
2
What is the hundreds digit of 623?
6
What is the units digit of 4047?
7
What is the thousands digit of 12522?
2
What is the hundreds digit of 602?
6
What is the units digit of 25115?
5
What is the hundreds digit of 14475?
4
What is the tens digit of 410?
1
What is the units digit of 5767?
7
What is the units digit of 3103?
3
What is the ten thousands digit of 33056?
3
What is the units digit of 31554?
4
What is the tens digit of 458?
5
What is the hundreds digit of 1987?
9
What is the tens digit of 1206?
0
What is the thousands digit of 2937?
2
What is the tens digit of 689?
8
What is the ten thousands digit of 18089?
1
What is the units digit of 4975?
5
What is the hundreds digit of 19163?
1
What is the tens digit of 734?
3
What is the units digit of 988?
8
What is the hundreds digit of 18393?
3
What is the hundreds digit of 1029?
0
What is the units digit of 1458?
8
What is the units digit of 8151?
1
What is the units digit of 9331?
1
What is the hundreds digit of 31674?
6
What is the tens digit of 20751?
5
What is the tens digit of 6700?
0
What is the hundreds digit of 3611?
6
What is the thousands digit of 95533?
5
What is the thousands digit of 27866?
7
What is the units digit of 6020?
0
What is the hundreds digit of 1642?
6
What is the hundreds digit of 1119?
1
What is the units digit of 27?
7
What is the tens digit of 82771?
7
What is the tens digit of 12247?
4
What is the hundreds digit of 12883?
8
What is the tens digit of 21596?
9
What is the units digit of 4805?
5
What is the units digit of 4404?
4
What is the ten thousands digit of 19920?
1
What is the units digit of 758?
8
What is the tens digit of 18906?
0
What is the hundreds digit of 74787?
7
What is the thousands digit of 75234?
5
What is the hundreds digit of 15981?
9
What is the tens digit of 2806?
0
What is the thousands digit of 4796?
4
What is the hundreds digit of 4466?
4
What is the ten thousands digit of 12196?
1
What is the units digit of 14239?
9
What is the thousands digit of 160157?
0
What is the units digit of 485?
5
What is the ten thousands digit of 45498?
4
What is the thousands digit of 44653?
4
What is the hundreds digit of 767?
7
What is the hundreds digit of 1824?
8
What is the hundreds digit of 162067?
0
What is the ten thousands digit of 84753?
8
What is the hundreds digit of 685?
6
What is the thousands digit of 1037?
1
What is the units digit of 56165?
5
What is the tens digit of 43879?
7
What is the tens digit of 1569?
6
What is the tens digit of 27971?
7
What is the tens digit of 1014?
1
What is the thousands digit of 33720?
3
What is the hundreds digit of 1456?
4
What is the tens digit of 3758?
5
What is the tens digit of 3031?
3
What is the hundreds digit of 1674?
6
What is the hundreds digit of 626?
6
What is the thousands digit of 1883?
1
What is the hundreds digit of 44616?
6
What is the units digit of 78503?
3
What is the units digit of 1295?
5
What is the tens digit of 3099?
9
What is the hundreds digit of 401?
4
What is the thousands digit of 1578?
1
What is the hundreds digit of 8982?
9
What is the units digit of 1766?
6
What is the units digit of 1280?
0
What is the units digit of 3300?
0
What is the units digit of 2311?
1
What is the thousands digit of 6571?
6
What is the tens digit of 506?
0
What is the units digit of 619?
9
What is the hundreds digit of 23251?
2
What is the units digit of 38846?
6
What is the tens digit of 1677?
7
What is the thousands digit of 1823?
1
What is the units digit of 599?
9
What is the hundreds digit of 539?
5
What is the tens digit of 6092?
9
What is the hundreds digit of 37125?
1
What is the hundreds digit of 4978?
9
What is the thousands digit of 16874?
6
What is the units digit of 547?
7
What is the units digit of 56304?
4
What is the hundreds digit of 18890?
8
What is the units digit of 2443?
3
What is the hundreds digit of 13096?
0
What is the tens digit of 9079?
7
What is the ten thousands digit of 24015?
2
What is the tens digit of 10?
1
What is the tens digit of 11536?
3
What is the tens digit of 5949?
4
What is the tens digit of 4233?
3
What is the units digit of 9565?
5
What is the units digit of 62385?
5
What is the tens digit of 1892?
9
What is the units digit of 782?
2
What is the hundreds digit of 61283?
2
What is the hundreds digit of 103732?
7
What is the hundreds digit of 11295?
2
What is the units digit of 170851?
1
What is the tens digit of 2537?
3
What is the tens digit of 106?
0
What is the hundreds digit of 182?
1
What is the units digit of 12486?
6
What is the units digit of 18665?
5
What is the thousands digit of 8492?
8
What is the tens digit of 27619?
1
What is the tens digit of 879?
7
What is the thousands digit of 4707?
4
What is the units digit of 8?
8
What is the units digit of 1049?
9
What is the units digit of 3866?
6
What is the units digit of 422?
2
What is the thousands digit of 1263?
1
What is the hundreds digit of 3288?
2
What is the ten thousands digit of 25895?
2
What is the hundreds digit of 36171?
1
What is the thousands digit of 35191?
5
What is the tens digit of 56862?
6
What is the thousands digit of 30844?
0
What is the tens digit of 740?
4
What is the units digit of 3944?
4
What is the hundreds digit of 1385?
3
What is the tens digit of 145852?
5
What is the tens digit of 8657?
5
What is the tens digit of 36854?
5
What is the ten thousands digit of 11764?
1
What is the tens digit of 886?
8
What is the tens digit of 90154?
5
What is the tens digit of 2854?
5
What is the hundreds digit of 8413?
4
What is the units digit of 74509?
9
What is the hundreds digit of 5666?
6
What is the tens digit of 11183?
8
What is the units digit of 1584?
4
What is the tens digit of 453?
5
What is the units digit of 4874?
4
What is the tens digit of 49527?
2
What is the tens d